434005
In base 16, what is fae + 2?
fb0
In base 13, what is -a + 136c?
1362
In base 16, what is 8 + 8b6cc?
8b6d4
In base 2, what is -101100 + -100011010101?
-100100000001
In base 7, what is 215 - -1000?
1215
In base 16, what is 1f4b - 3b?
1f10
In base 6, what is -51 + -20351?
-20442
In base 12, what is b - -1161?
1170
In base 5, what is 0 + -1241320?
-1241320
In base 16, what is -d8c + -9?
-d95
In base 12, what is -3309 - -5b5?
-2914
In base 5, what is -220423 - 3?
-220431
In base 14, what is 0 + 16b864?
16b864
In base 2, what is 10 + 10011110011001100111?
10011110011001101001
In base 5, what is -1100 + -43?
-1143
In base 7, what is 10140 + -2402?
4435
In base 10, what is -3 - 281985?
-281988
In base 11, what is -523 - -419?
-105
In base 16, what is -c + 36f5?
36e9
In base 10, what is 2 - -1524?
1526
In base 6, what is 243204 + 3?
243211
In base 12, what is -3059 - 325?
-3382
In base 7, what is 114031 - -6?
114040
In base 16, what is -468dc + 0?
-468dc
In base 10, what is 1365 - -9?
1374
In base 5, what is -3 + 11031033?
11031030
In base 14, what is -784 - -1a60?
12ba
In base 5, what is 1014 + -2321?
-1302
In base 2, what is 1001 - -10011110001001010?
10011110001010011
In base 11, what is 4 - a9987?
-a9983
In base 12, what is 6ab00 + -4?
6aab8
In base 16, what is 2549 - 6?
2543
In base 9, what is -267631 - -4?
-267626
In base 10, what is 6272 - -4?
6276
In base 15, what is 3d6c + 1a9?
4026
In base 16, what is -16a - 51?
-1bb
In base 14, what is -b66 - 4a?
-bb2
In base 14, what is -2 - 11594?
-11596
In base 6, what is -1 - 24103?
-24104
In base 3, what is -21 + 20112?
20021
In base 6, what is -13445203 - 4?
-13445211
In base 4, what is 1 - 3103311?
-3103310
In base 15, what is -5 - 48a59?
-48a5e
In base 12, what is 643b6 + 4?
643ba
In base 2, what is 10001 - -100011010110000?
100011011000001
In base 9, what is -145 + -816?
-1062
In base 2, what is 11111111111110 - 11100?
11111111100010
In base 14, what is -1c - 2c50?
-2c6c
In base 5, what is -1442 + -1010?
-3002
In base 5, what is 2423 - 42002?
-34024
In base 3, what is 2112010 - 101120?
2010120
In base 12, what is 2046 + 31?
2077
In base 14, what is 1 - 39d91?
-39d90
In base 13, what is 5 - -29a05?
29a0a
In base 15, what is -454 + 4?
-450
In base 10, what is -423290 - -4?
-423286
In base 16, what is 14 - 19e?
-18a
In base 3, what is -11201 + 12001120?
11212212
In base 6, what is 1 - 150311?
-150310
In base 3, what is 11210202112 - 11?
11210202101
In base 16, what is 39a + -103?
297
In base 10, what is 8 + -14550?
-14542
In base 12, what is -4b2b4 + 12?
-4b2a2
In base 7, what is 1661 - -2?
1663
In base 9, what is 136 - -18081?
18227
In base 11, what is 2 + 6592?
6594
In base 6, what is 1 - 305153?
-305152
In base 8, what is 4 + -17654?
-17650
In base 3, what is 0 - 1120122202221?
-1120122202221
In base 8, what is -1203651 - 4?
-1203655
In base 10, what is -23 + -2894?
-2917
In base 4, what is -10 + 1200102?
1200032
In base 16, what is 4 - b3b?
-b37
In base 8, what is 3617 + 12?
3631
In base 15, what is -8 - -1682?
1679
In base 7, what is -2322314 + -3?
-2322320
In base 6, what is -34 + -14455?
-14533
In base 7, what is 16 - 30600?
-30551
In base 2, what is -1 + -1100001000010001?
-1100001000010010
In base 11, what is -16618 + -18?
-16635
In base 8, what is 622 + -131?
471
In base 7, what is 51 + 4163?
4244
In base 9, what is -4282676 + 3?
-4282673
In base 9, what is -114 - -406?
282
In base 3, what is -12 + -10000102?
-10000121
In base 5, what is 443 - -3410?
4403
In base 12, what is -16b8 + -5a?
-1756
In base 6, what is 1140015 - 4?
1140011
In base 4, what is 13 + 3122001?
3122020
In base 14, what is -3 - -2747d9?
2747d6
In base 13, what is -4109 + -4b?
-4157
In base 2, what is 1100010 - -10001110010010110?
10001110011111000
In base 8, what is 11560 + -27?
11531
In base 6, what is 1240022 + 2?
1240024
In base 16, what is 15f3 - 6?
15ed
In base 2, what is 0 + -10000010110100?
-10000010110100
In base 11, what is -21a1a - 7?
-21a26
In base 12, what is -4961 + 13?
-494a
In base 11, what is -225691 - -5?
-225687
In base 3, what is -1000 + 10011?
2011
In base 6, what is 11351 - -4550?
20341
In base 5, what is -1343 + -20131?
-22024
In base 13, what is 7c - 337?
-288
In base 3, what is 2200 - -1112200?
1122100
In base 3, what is 12101110 - 10?
12101100
In base 3, what is 11 - -111100202?
111100220
In base 4, what is -112210102 - 11?
-112210113
In base 9, what is -3518815 + 4?
-3518811
In base 8, what is 216 - 2036?
-1620
In base 10, what is 1 + -5780?
-5779
In base 11, what is 18 - 1113a?
-11122
In base 15, what is -22855 + 4?
-22851
In base 8, what is -720 + 366?
-332
In base 7, what is -53452 - -40?
-53412
In base 16, what is -28 - -5af?
587
In base 10, what is 3 + -63731?
-63728
In base 2, what is -11100010000011010 + 1000?
-11100010000010010
In base 3, what is -12 - -1110020012?
1110020000
In base 14, what is -d4b6 - 32?
-d508
In base 3, what is 2200000112 - -2?
2200000121
In base 14, what is 1919c - -1a?
191b8
In base 15, what is 41794 + 1?
41795
In base 11, what is 28106 + 0?
28106
In base 3, what is -1202102010 - -11?
-1202101222
In base 11, what is -16 + 4a21?
4a06
In base 5, what is 11200 + -24?
11121
In base 15, what is 4 - 1d43?
-1d3e
In base 4, what is -1211 - -103131?
101320
In base 11, what is -1 + 12015?
12014
In base 6, what is 3324311 + 3?
3324314
In base 8, what is -20 - 4071?
-4111
In base 16, what is -4f + 120d?
11be
In base 13, what is -2 - -29b89?
29b87
In base 8, what is 25664416 + 0?
25664416
In base 5, what is 3 - 33012?
-33004
In base 8, what is 33266 - 11?
33255
In base 5, what is 430 + 24443?
30423
In base 3, what is 21220 - 22?
21121
In base 14, what is 4 - -127d1?
127d5
In base 4, what is 12032032 - 102?
12031330
In base 7, what is 3034 - 305?
2426
In base 13, what is 3 + 50a90?
50a93
In base 5, what is -1322424 - -4?
-1322420
In base 15, what is -4 - -3bbea?
3bbe6
In base 5, what is -111 - -114444?
114333
In base 2, what is -1011001110011011011 - -1010?
-1011001110011010001
In base 13, what is -1a760 + b8?
-1a675
In base 2, what is 10 - 10101110000010?
-10101110000000
In base 9, what is -40617 - -218?
-40388
In base 14, what is b5 - 38?
7b
In base 16, what is 2c8 + -1a?
2ae
In base 7, what is -1345 + -1214?
-2562
In base 2, what is -11011101000100011 - -100?
-11011101000011111
In base 7, what is 116 + 1113?
1232
In base 5, what is 1232303 - -130?
1232433
In base 4, what is 2313212 + -2?
2313210
In base 11, what is 220 - -660?
880
In base 11, what is -1499a - -242?
-14758
In base 5, what is -14330343 - -3?
-14330340
In base 8, what is 101 - 56?
23
In base 14, what is -26da1 - 4?
-26da5
In base 15, what is -674 - -17b?
-4e8
In base 12, what is 394b + -3?
3948
In base 15, what is 533d7 + d?
533e5
In base 8, what is -1372 - -3262?
1670
In base 3, what is -1112 + 100110100?
100101211
In base 10, what is 4 - -8563?
8567
In base 13, what is 1 + -6c72c?
-6c72b
In base 8, what is 2407 - -750?
3357
In base 8, what is 442 - -135?
577
In base 11, what is 17 - 1245?
-1229
In base 5, what is 30201113 + 3?
30201121
In base 16, what is -53c58 - -2?
-53c56
In base 11, what is -1199 - -2314?
1126
In base 16, what is 215 + -46?
1cf
In base 10, what is 212 - -372?
584
In base 6, what is 51510 - -4340?
100250
In base 12, what is -7 - -7b50?
7b45
In base 2, what is -11001010 - 101110001000?
-110001010010
In base 3, what is 122 + -2220122021?
-2220121122
In base 8, what is 14 + -12116?
-12102
In base 3, what is 1112201 + -202201?
210000
In base 7, what is -3 - -1444245?
1444242
In base 4, what is -221320230 + -20?
-221320310
In base 4, what is 23320332 + -303?
23320023
In base 4, what is -113 + -1200232?
-1201011
In base 7, what is 32136053 + -1?
32136052
In base 2, what is -100 - 111010001111101?
-111010010000001
In base 6, what is -400 + -1054?
-1454
In base 2, what is 11101110001 + -1011?
11101100110
In base 4, what is -12201332 - -3?
-12201323
In base 7, what is 1142 + -14351?
-13206
In base 11, what is -5 - -1a51?
1a47
In base 7, what is 2 - -30516?
30521
In base 5, what is 3 + -210101?
-210043
In base 16, what is -29be + 3?
-29bb
In base 7, what is 55466 - 5?
55461
In base 5, what is -11442 - -11222?
-220
In base 4, what is 11 - 10002122?
-10002111
In base 2, what is 101 - -1000011